11305959.
511305959
What are the prime factors of 2827160992?
2, 79, 1118339
List the prime factors of 21119776.
2, 73, 9041
List the prime factors of 968289511.
7, 8039, 17207
What are the prime factors of 71751967?
7, 97, 105673
List the prime factors of 648053275.
5, 25922131
What are the prime factors of 697045225?
5, 4877, 5717
List the prime factors of 24739292.
2, 19, 325517
What are the prime factors of 489040643?
7, 13, 5374073
List the prime factors of 1086947454.
2, 3, 1399, 129491
What are the prime factors of 5721879?
3, 59, 32327
What are the prime factors of 331460945?
5, 66292189
What are the prime factors of 109489100?
2, 5, 7, 71, 2203
What are the prime factors of 1037898562?
2, 2399, 216319
List the prime factors of 414283177.
7, 11, 67, 131, 613
What are the prime factors of 1078837476?
2, 3, 17, 227, 23297
List the prime factors of 13573236.
2, 3, 1131103
What are the prime factors of 372929142?
2, 3, 37, 181, 9281
What are the prime factors of 260016539?
19, 13685081
List the prime factors of 27801640.
2, 5, 347, 2003
What are the prime factors of 28587883?
28587883
What are the prime factors of 1762418346?
2, 3, 13, 22595107
What are the prime factors of 62707915?
5, 1051, 11933
What are the prime factors of 4864530259?
197, 1697, 14551
What are the prime factors of 1476946389?
3, 53, 9288971
List the prime factors of 2877998051.
17, 97, 193, 9043
List the prime factors of 1050835226.
2, 7, 157, 478087
List the prime factors of 221582908.
2, 55395727
What are the prime factors of 80188254?
2, 3, 4454903
What are the prime factors of 340672702?
2, 31, 863, 6367
What are the prime factors of 359703375?
3, 5, 959209
List the prime factors of 481659496.
2, 227, 265231
What are the prime factors of 134499926?
2, 11, 41, 149113
What are the prime factors of 504050389?
504050389
What are the prime factors of 2599056403?
4007, 648629
List the prime factors of 78914210.
2, 5, 7891421
List the prime factors of 1765059863.
7, 2579, 97771
What are the prime factors of 1303745045?
5, 17, 15338177
List the prime factors of 3577482890.
2, 5, 17, 557, 37781
List the prime factors of 4298418754.
2, 7, 17, 19, 950557
List the prime factors of 3369303221.
191, 17640331
What are the prime factors of 62637951?
3, 20879317
What are the prime factors of 59051885?
5, 929, 12713
What are the prime factors of 350233002?
2, 3, 7, 47, 59141
What are the prime factors of 111265809?
3, 37088603
What are the prime factors of 56507982?
2, 3, 9417997
List the prime factors of 3173971804.
2, 197, 4027883
List the prime factors of 1072728130.
2, 5, 107272813
List the prime factors of 69027616.
2, 7, 17, 18127
List the prime factors of 7066498709.
3943, 1792163
What are the prime factors of 934800?
2, 3, 5, 19, 41
List the prime factors of 194182409.
73, 199, 13367
List the prime factors of 1271936880.
2, 3, 5, 1766579
What are the prime factors of 96511084?
2, 24127771
What are the prime factors of 3415579841?
653, 5230597
List the prime factors of 306398712.
2, 3, 19, 251, 2677
What are the prime factors of 489104965?
5, 2027, 48259
What are the prime factors of 593792711?
17, 34928983
List the prime factors of 118798132.
2, 157, 189169
What are the prime factors of 103948306?
2, 7, 11, 211, 457
What are the prime factors of 52959154?
2, 26479577
What are the prime factors of 849767721?
3, 11, 25750537
What are the prime factors of 142203585?
3, 5, 9480239
What are the prime factors of 1513419262?
2, 19181, 39451
List the prime factors of 221209824.
2, 3, 11, 47, 4457
What are the prime factors of 1986016?
2, 53, 1171
List the prime factors of 571521360.
2, 3, 5, 2381339
List the prime factors of 28855451.
31, 43, 21647
What are the prime factors of 2561497782?
2, 3, 2543, 167879
What are the prime factors of 45999837?
3, 13, 393161
List the prime factors of 529314218.
2, 6803, 38903
What are the prime factors of 8388441997?
13, 59, 10936691
What are the prime factors of 588183152?
2, 19, 83, 23311
What are the prime factors of 1632290148?
2, 3, 43, 251, 4201
What are the prime factors of 3398250723?
3, 7, 161821463
List the prime factors of 36414140.
2, 5, 7, 29, 8969
What are the prime factors of 1662277666?
2, 7, 23, 737479
List the prime factors of 1147439884.
2, 286859971
What are the prime factors of 963253823?
7, 23, 5982943
List the prime factors of 1277017772.
2, 319254443
What are the prime factors of 1030273542?
2, 3, 17, 839, 4013
List the prime factors of 2206469018.
2, 13, 84864193
What are the prime factors of 215896724?
2, 53974181
List the prime factors of 34384394.
2, 11, 31, 50417
What are the prime factors of 53649941?
53649941
What are the prime factors of 403953933?
3, 134651311
What are the prime factors of 130750232?
2, 67, 83, 2939
List the prime factors of 645317804.
2, 161329451
List the prime factors of 70903644.
2, 3, 7, 461, 1831
List the prime factors of 2881490955.
3, 5, 7, 2203, 12457
What are the prime factors of 826887543?
3, 19, 433, 33503
What are the prime factors of 5277998489?
1531, 3447419
What are the prime factors of 158321212?
2, 7, 317, 17837
What are the prime factors of 9674944?
2, 151171
List the prime factors of 715711727.
715711727
List the prime factors of 1135528970.
2, 5, 113552897
List the prime factors of 226773011.
29, 487, 16057
What are the prime factors of 2398571316?
2, 3, 4507, 14783
List the prime factors of 33337904.
2, 191, 10909
List the prime factors of 429580518.
2, 3, 263, 272231
What are the prime factors of 369747255?
3, 5, 79, 312023
List the prime factors of 785537065.
5, 29, 5417497
What are the prime factors of 275936743?
71, 3886433
List the prime factors of 102428829.
3, 19, 598999
What are the prime factors of 93744951?
3, 1949, 16033
List the prime factors of 930124882.
2, 7069, 65789
List the prime factors of 9003926.
2, 4501963
What are the prime factors of 62660509?
79, 389, 2039
List the prime factors of 179105487.
3, 11, 5427439
List the prime factors of 74539909.
7829, 9521
List the prime factors of 4943884060.
2, 5, 247194203
What are the prime factors of 2639028014?
2, 7, 17, 29, 382357
List the prime factors of 4552578487.
4552578487
List the prime factors of 140562932.
2, 2179, 16127
List the prime factors of 3928517144.
2, 491064643
What are the prime factors of 1651594628?
2, 412898657
What are the prime factors of 101449736?
2, 12681217
List the prime factors of 836473218.
2, 3, 7, 2845147
What are the prime factors of 62100132?
2, 3, 19, 272369
List the prime factors of 131707631.
11, 11973421
What are the prime factors of 1809256470?
2, 3, 5, 7, 8615507
List the prime factors of 4214583.
3, 569, 823
What are the prime factors of 284012338?
2, 5861, 24229
List the prime factors of 4951108083.
3, 1650369361
List the prime factors of 32126676.
2, 3, 23, 43, 2707
List the prime factors of 23833952.
2, 744811
List the prime factors of 5972165694.
2, 3, 11, 23, 437137
What are the prime factors of 45597124?
2, 11399281
What are the prime factors of 111923158?
2, 1039, 53861
What are the prime factors of 94404870?
2, 3, 5, 7, 21407
What are the prime factors of 804438607?
7, 883, 130147
What are the prime factors of 765865474?
2, 11, 197, 176711
List the prime factors of 2050318804.
2, 19, 26977879
What are the prime factors of 1031108528?
2, 64444283
What are the prime factors of 68067081?
3, 2521003
What are the prime factors of 115920267?
3, 4861, 7949
What are the prime factors of 48246163?
7, 521, 13229
List the prime factors of 55135835.
5, 811, 13597
List the prime factors of 166074620.
2, 5, 719, 11549
List the prime factors of 57216044.
2, 53, 269887
What are the prime factors of 7465921917?
3, 2488640639
What are the prime factors of 1366432620?
2, 3, 5, 7, 464773
List the prime factors of 3326481488.
2, 11, 18900463
What are the prime factors of 659311382?
2, 113, 2917307
List the prime factors of 116648449.
83, 1405403
List the prime factors of 4595351627.
41, 112081747
What are the prime factors of 702017487?
3, 78001943
What are the prime factors of 36258209?
13, 71, 163, 241
List the prime factors of 345313374.
2, 3, 7, 8221747
List the prime factors of 5530897849.
5530897849
What are the prime factors of 59199206?
2, 11, 647, 4159
What are the prim